q be w(4). Let i = q - 961. What is the remainder when 66 is divided by i?
0
Let z(g) = 37*g + 0 + 1 + 19*g. Let i(d) = -510*d + 3080. Calculate the remainder when z(1) is divided by i(6).
17
Suppose -2*u = -3*n + 36, u + 60 = 4*n + 7. Let q = -32 - -36. Suppose 0 = p - q*r - 20 - 18, r = 4*p - 152. Calculate the remainder when p is divided by n.
10
Suppose 263*y + 2*l = 261*y + 1834, -2*l + 925 = y. Calculate the remainder when y is divided by 450.
9
Suppose 56*s = 78*s - 18722. Calculate the remainder when 4261 is divided by s.
6
Suppose 3*d - 40 = 8. Suppose -19 - d = -5*x. Calculate the remainder when x is divided by 21/3 + -1 + 1 + -3.
3
Let r = -2265 - -2296. What is the remainder when 67 is divided by r?
5
Suppose 5*j - 17 = -2*k, -2*k + 85*j = 82*j - 41. Calculate the remainder when 53 is divided by k.
5
Let o(q) = 3*q - 15. Let v be o(5). Suppose 148 = n - v*n - c, -2*c = 2*n - 296. What is the remainder when 1 - 3/((-12)/n) is divided by 8?
6
Let k(b) = b**3 + 87*b**2 + 249*b + 160. What is the remainder when k(-84) is divided by 132?
16
Let t(m) = 16*m - 42. Let l(g) = g**2 + 31*g - 84. Let x(h) = 2*l(h) - 5*t(h). What is the remainder when 34 is divided by x(6)?
4
Let u be 140724/378 + 2/(-7). Calculate the remainder when 184 is divided by (u/(-30))/((-7)/5 + 1).
29
Suppose -4*z + 32 - 4 = 0. Calculate the remainder when 6 - 180/(-2) - z is divided by 30.
29
Let m(l) = -l**2 - 2*l + 45. Let p be m(5). Suppose -5*y + 6*h - 3*h = -1410, -2*h = p. Calculate the remainder when y is divided by 71.
66
Suppose 154*j + 102666 - 1223478 = 0. Calculate the remainder when j is divided by 112.
110
Let x be (-4*1 - 1)*282/(-470). Suppose b - 43 = 13. Calculate the remainder when b is divided by (2/x)/((-8)/(-228)).
18
Let l = -8367 + 8477. Calculate the remainder when l is divided by -23*(3/1)/(-3).
18
Let j(z) = -z**3 + 9*z**2 - 15*z + 12. Let t be j(-7). Let c = t - 828. Calculate the remainder when c is divided by 11.
7
Let v(a) = 27*a**3 + 863*a**2 - 37*a - 96. What is the remainder when 618 is divided by v(-32)?
42
Suppose 9*r - 12676 = -10480. Calculate the remainder when r is divided by 223.
21
Suppose 32*w = 18*w + 1526. Calculate the remainder when w is divided by 23.
17
Suppose 3*o = -3*d + 267, -13*o = 4*d - 12*o - 368. Calculate the remainder when 1484 is divided by d.
89
Let i = -546 + 1051. Let c = -448 + i. What is the remainder when c is divided by 12?
9
Let b = -189 + 187. Let x(v) = -8*v**3 - v**2 - 2*v - 4. Calculate the remainder when 296 is divided by x(b).
56
Let s(g) = -490*g - 26*g**2 + 29*g**2 - 29 + 498*g. Calculate the remainder when s(3) is divided by 4.
2
Let f(b) = b**3 + 6*b**2 - 5*b - 10. Let s be f(-7). Let i = s - -44. What is the remainder when i is divided by (-6)/(-7) - -5 - (-1)/7?
2
Suppose 152 - 3005 = -317*y. Calculate the remainder when 27 is divided by y.
0
Let p(j) = -j**3 + 34*j**2 - 78*j + 35. Calculate the remainder when p(16) is divided by 25.
20
Let x(v) = v**3 + 14*v**2 + 6*v - 10. Let y be x(-10). Suppose 5*p = -u + y, 3*u + p = 6*u - 1054. Calculate the remainder when u is divided by 13.
12
Let f be -66 + -1 + 4 + -7. Suppose -4*n - 2*d - 2*d + 148 = 0, 0 = n - d - 35. Calculate the remainder when (-9 + 6)/(2/f) is divided by n.
33
Let h(d) = 2*d**3 + 5*d**2 - 4*d - 1. Let l be h(-3). Suppose 21 + 104 = 5*x + 5*v, 0 = -l*x + v + 50. Calculate the remainder when 93 is divided by x.
18
Suppose -13*r + 3*r + 50 = 0. Calculate the remainder when 40 is divided by (-7 - -9) + (2 + r)*1.
4
Let c(p) = 7*p**2 + 27*p + 267. Calculate the remainder when c(-7) is divided by 161.
99
Let q = -14747 - -14765. What is the remainder when 28 is divided by q?
10
Let k = -4000 + 7948. What is the remainder when k is divided by 50?
48
Let b(y) = -y**3 - 7*y**2 + 36*y + 338. What is the remainder when b(-11) is divided by 37?
19
Let c(i) = -i**3 + 36*i**2 + 58*i - 222. What is the remainder when c(37) is divided by 31?
28
Let q = -364 + 360. What is the remainder when 209 is divided by (188/(-235))/(q/70)?
13
Suppose 2*z + 4 = -4*f + 24, -2*z - 12 = -4*f. Suppose x = -z*a - a + 26, a + 118 = 3*x. What is the remainder when x is divided by 2*8 + -6 + 10?
18
Let y(j) = 32*j**2 + 259*j + 260. Calculate the remainder when y(-20) is divided by 343.
334
Suppose -9*a = z - 4*a - 7, -a + 17 = -5*z. Suppose 5*i - 189 = 121. What is the remainder when 89 is divided by (i/z - 0)/(24/(-36))?
27
Let i = 755 - 729. What is the remainder when i is divided by (-12)/((-78)/30 + (-6)/(-10))?
2
Let p(b) = b**2 + 21*b - 21. Let r be p(-13). Let o = -117 - r. What is the remainder when 47 is divided by o?
7
Let f be ((-6)/4)/1*(-12)/(-9). Calculate the remainder when 284 is divided by (-6)/((-261)/(-144) + f).
28
Let k = -733 - -738. Suppose -115 = -k*g - 5*a, 0 = -5*g + 3*a - 4*a + 119. Calculate the remainder when 693 is divided by g.
21
Let l = -79 - -168. Suppose -g - 15 = -4*r - 14, 5*g - 149 = -2*r. Calculate the remainder when l is divided by g.
8
Let p(v) = -1. Let s(c) = -86*c - 10. Let i(y) = -3*p(y) + s(y). Suppose 0*x - 6 = 3*x. Calculate the remainder when i(x) is divided by 56.
53
Let r be (1 + 0 + -1)/(8 + -7). Suppose r = 5*k + 27*s - 29*s - 144, 4*s + 138 = 5*k. Suppose 87 = t - 1. Calculate the remainder when t is divided by k.
28
Let u = 11 - 6. Suppose -u*c = 5*k - 280, 2*c - 5 = -1. Suppose -k = -3*g - 39. Calculate the remainder when 14 is divided by g.
4
Let h(w) = 225*w**2 + 566*w + 1141. Calculate the remainder when h(-2) is divided by 92.
81
Suppose -3*l = -2*l - 9. What is the remainder when l is divided by (1288/483)/((2/18)/((-1)/(-3)))?
1
Let a(m) = 780*m + 51534. Let h = -61 - -111. Calculate the remainder when a(-66) is divided by h.
4
Suppose -15686 = 383*a - 41101 - 31652. Suppose -4*x - 144 = -4*h, -5*h + 2*x = x - 188. Calculate the remainder when a is divided by h.
35
Let c = 1584 - 1580. Calculate the remainder when (-2)/((-4)/58) - -2 is divided by c.
3
Let o(d) = -d**3 + 8*d**2 + 6*d + 10. Let c be o(-5). Let t = -210 + c. What is the remainder when t is divided by 25?
20
Suppose 0 = 39*a - 3374 + 254. What is the remainder when 712 is divided by a?
72
Let b(f) = 4*f**2 - 3*f - 2. Let a be b(-2). Suppose 5*w = a, 2*w = -2*m - 3*w + 194. Suppose 7*z - m = 4*z. What is the remainder when 110 is divided by z?
23
Let t be (-2556)/(-36) - 5*(-3)/3. Suppose -2*z + t = -72. Calculate the remainder when 229 is divided by z.
7
Calculate the remainder when 1619 is divided by ((-1850)/(-20) + -2)*(-5)/(10/(-4)).
171
Let u(h) = 102*h**2 - 41*h - 129. What is the remainder when u(-4) is divided by 209?
204
Suppose 5*h - 23 = 42. Calculate the remainder when 126 is divided by h - (-7)/(35/(-15)).
6
Calculate the remainder when 8827/4 - 33/(-132) is divided by 23.
22
Let n = -274 + 283. Suppose 501 + 975 = n*i. Calculate the remainder when i is divided by 37.
16
Let o = 759 + -280. Let z = 487 - o. Calculate the remainder when 30 is divided by z.
6
Suppose 11 = n + 4*k, -3*n - k - 2 = 20. Calculate the remainder when 198 is divided by 21/1 - (1 + (-9 - n)).
18
Let r be ((-11550)/(-200))/((-6)/(-88)). Let d = -509 + r. Calculate the remainder when d is divided by 11.
8
Let c(l) = -112*l + 1133. What is the remainder when 1559 is divided by c(10)?
12
Suppose -30*b = -22*b + 4024. Let d = b - -523. What is the remainder when 93 is divided by d?
13
Let v(h) = -1248*h**2 + 4 + 2*h + 627*h**2 + 623*h**2. What is the remainder when v(-12) is divided by 16?
12
Let o(c) = c**3 + 15*c**2 + 42*c - 51. Calculate the remainder when 6697 is divided by o(-10).
27
Let d(m) = -m**3 - 12*m**2 - 7*m + 2. Let v be d(-11). Let o = v + 63. What is the remainder when (-13 - -25)*20/3 is divided by o?
17
Let r = -9853 - -9868. Calculate the remainder when 9148 is divided by r.
13
Let d(q) = -1156*q - 4389. What is the remainder when d(-5) is divided by 22?
5
Suppose 0*a - 2028 = -13*a. Calculate the remainder when a - (-3)/(-24)*16/2 is divided by 12.
11
Let b(c) = c**3 - 10*c**2 + 12*c - 4. Let g be b(9). Let a = g - 27. Let f(l) = -9*l - 5. What is the remainder when 58 is divided by f(a)?
27
Suppose -3*v = -287 + 221. Suppose v - 142 = -15*m. What is the remainder when 11 is divided by m?
3
Suppose 675 = 5*y - 5*l, 0 = 2*y + 2